 of 1601907?
1
What is the tens digit of 860613?
1
What is the hundred thousands digit of 1889375?
8
What is the tens digit of 740576?
7
What is the units digit of 36485?
5
What is the units digit of 2129316?
6
What is the tens digit of 296224?
2
What is the tens digit of 3424568?
6
What is the tens digit of 28493619?
1
What is the hundreds digit of 1227793?
7
What is the tens digit of 145159?
5
What is the tens digit of 275880?
8
What is the thousands digit of 324727?
4
What is the hundreds digit of 599069?
0
What is the tens digit of 9860?
6
What is the tens digit of 582442?
4
What is the thousands digit of 1054671?
4
What is the hundreds digit of 6188426?
4
What is the hundred thousands digit of 1765118?
7
What is the units digit of 1156724?
4
What is the thousands digit of 12152523?
2
What is the tens digit of 955744?
4
What is the thousands digit of 8975591?
5
What is the millions digit of 2407980?
2
What is the hundred thousands digit of 734274?
7
What is the units digit of 6799762?
2
What is the hundred thousands digit of 7888100?
8
What is the hundreds digit of 256893?
8
What is the tens digit of 465324?
2
What is the ten millions digit of 22045006?
2
What is the tens digit of 423489?
8
What is the millions digit of 4168171?
4
What is the millions digit of 6766397?
6
What is the units digit of 162516?
6
What is the units digit of 28508?
8
What is the units digit of 3911241?
1
What is the ten thousands digit of 2951584?
5
What is the tens digit of 2933808?
0
What is the units digit of 8111675?
5
What is the tens digit of 315136?
3
What is the ten thousands digit of 5911976?
1
What is the tens digit of 485954?
5
What is the tens digit of 1321866?
6
What is the units digit of 65883?
3
What is the units digit of 22518726?
6
What is the thousands digit of 8358186?
8
What is the hundred thousands digit of 7772075?
7
What is the ten thousands digit of 842627?
4
What is the tens digit of 3506343?
4
What is the ten thousands digit of 756065?
5
What is the ten thousands digit of 1417749?
1
What is the units digit of 805400?
0
What is the tens digit of 13864930?
3
What is the ten thousands digit of 1399119?
9
What is the units digit of 2604549?
9
What is the hundreds digit of 2600144?
1
What is the hundreds digit of 4440142?
1
What is the ten thousands digit of 477797?
7
What is the thousands digit of 72351?
2
What is the hundred thousands digit of 4178354?
1
What is the thousands digit of 3932007?
2
What is the tens digit of 866916?
1
What is the units digit of 307259?
9
What is the units digit of 243436?
6
What is the tens digit of 20861?
6
What is the units digit of 693953?
3
What is the hundred thousands digit of 265670?
2
What is the thousands digit of 1313802?
3
What is the tens digit of 271410?
1
What is the units digit of 19859915?
5
What is the hundred thousands digit of 8532953?
5
What is the hundreds digit of 2373627?
6
What is the hundreds digit of 133949?
9
What is the ten thousands digit of 4737675?
3
What is the hundred thousands digit of 3442053?
4
What is the thousands digit of 4538913?
8
What is the ten thousands digit of 21251821?
5
What is the units digit of 130513?
3
What is the hundreds digit of 15415371?
3
What is the thousands digit of 254926?
4
What is the tens digit of 1867868?
6
What is the ten thousands digit of 1224595?
2
What is the hundreds digit of 10180409?
4
What is the tens digit of 335253?
5
What is the ten thousands digit of 431880?
3
What is the hundreds digit of 81310?
3
What is the millions digit of 5999067?
5
What is the units digit of 55779?
9
What is the units digit of 166690?
0
What is the units digit of 1402?
2
What is the tens digit of 1679474?
7
What is the millions digit of 11347975?
1
What is the units digit of 62571?
1
What is the thousands digit of 25378620?
8
What is the thousands digit of 1811638?
1
What is the units digit of 1301531?
1
What is the tens digit of 10188505?
0
What is the hundred thousands digit of 1863090?
8
What is the ten thousands digit of 3046887?
4
What is the tens digit of 3869935?
3
What is the tens digit of 228539?
3
What is the units digit of 33973?
3
What is the hundreds digit of 164463?
4
What is the thousands digit of 407757?
7
What is the millions digit of 3811275?
3
What is the tens digit of 1839783?
8
What is the tens digit of 5462210?
1
What is the ten thousands digit of 10318288?
1
What is the hundred thousands digit of 296596?
2
What is the millions digit of 1225701?
1
What is the ten thousands digit of 751343?
5
What is the hundreds digit of 2602231?
2
What is the ten thousands digit of 357080?
5
What is the ten thousands digit of 2384746?
8
What is the thousands digit of 900767?
0
What is the tens digit of 526579?
7
What is the hundred thousands digit of 2069988?
0
What is the hundred thousands digit of 776219?
7
What is the hundreds digit of 9885006?
0
What is the hundreds digit of 49492?
4
What is the ten thousands digit of 198943?
9
What is the thousands digit of 4562021?
2
What is the units digit of 1211015?
5
What is the millions digit of 4586715?
4
What is the tens digit of 66738?
3
What is the millions digit of 8920454?
8
What is the thousands digit of 26424?
6
What is the ten thousands digit of 7818491?
1
What is the thousands digit of 1613612?
3
What is the tens digit of 179447?
4
What is the ten thousands digit of 225561?
2
What is the thousands digit of 363779?
3
What is the thousands digit of 493338?
3
What is the hundred thousands digit of 19554752?
5
What is the units digit of 7664639?
9
What is the hundred thousands digit of 42075426?
0
What is the units digit of 1052830?
0
What is the ten millions digit of 15963972?
1
What is the hundreds digit of 11120415?
4
What is the units digit of 9578865?
5
What is the hundreds digit of 17556442?
4
What is the thousands digit of 6749306?
9
What is the thousands digit of 341528?
1
What is the units digit of 307801?
1
What is the units digit of 2919301?
1
What is the units digit of 17010?
0
What is the ten thousands digit of 224443?
2
What is the hundreds digit of 1250820?
8
What is the tens digit of 352155?
5
What is the hundred thousands digit of 137104?
1
What is the ten thousands digit of 3344812?
4
What is the units digit of 88552?
2
What is the tens digit of 232290?
9
What is the thousands digit of 1354582?
4
What is the tens digit of 272825?
2
What is the hundreds digit of 228406?
4
What is the ten thousands digit of 1961479?
6
What is the thousands digit of 6063413?
3
What is the thousands digit of 26629359?
9
What is the tens digit of 9543339?
3
What is the tens digit of 794820?
2
What is the hundreds digit of 1934343?
3
What is the tens digit of 4959653?
5
What is the ten thousands digit of 464637?
6
What is the thousands digit of 32801182?
1
What is the thousands digit of 150675?
0
What is the hundred thousands digit of 509752?
5
What is the ten thousands digit of 2142496?
4
What is the millions digit of 31858445?
1
What is the tens digit of 291095?
9
What is the tens digit of 649206?
0
What is the tens digit of 72651?
5
What is the hundreds digit of 1187689?
6
What is the hundreds digit of 3253505?
5
What is the hundreds digit of 234102?
1
What is the hundreds digit of 3751486?
4
What is the thousands digit of 3894000?
4
What is the units digit of 6116375?
5
What is the hundred thousands digit of 585631?
5
What is the tens digit of 2481920?
2
What is the hundred thousands digit of 189700?
1
What is the ten thousands digit of 9578732?
7
What is the millions digit of 10363421?
0
What is the units digit of 96432?
2
What is the tens digit of 201108?
0
What is the hundreds digit of 711937?
9
What is the hundreds digit of 127079?
0
What is the millions digit of 7464900?
7
What is the tens digit of 1388149?
4
What is the hundreds digit of 5401708?
7
What is the ten thousands digit of 96798?
9
What is the units digit of 5091907?
7
What is the hundred thousands digit of 6230175?
2
What is the hundreds digit of 3310826?
8
What is the ten thousands digit of 200502?
0
What is the hundred thousands digit of 144729?
1
What is the tens digit of 688167?
6
What is the thousands digit of 14324430?
4
What is the thousands digit of 3960959?
0
What is the tens digit of 454409?
0
What is the thousands digit of 8